 is -1011101001 - 10000?
-1011111001
In base 9, what is 3 + 274?
277
In base 7, what is -64 - -3?
-61
In base 6, what is 153 - -11?
204
In base 15, what is 45 + -4?
41
In base 9, what is 11775 - -5?
11781
In base 6, what is 104031 + -5?
104022
In base 16, what is -2f + -11?
-40
In base 15, what is -5 + a3?
9d
In base 14, what is -c4a + -2?
-c4c
In base 9, what is 5652 + 4?
5656
In base 10, what is 2559 + -3?
2556
In base 16, what is 43 + 4?
47
In base 7, what is 144 - 3?
141
In base 10, what is 219 - 2?
217
In base 5, what is 3 + 22413?
22421
In base 15, what is -4 + 4a?
46
In base 2, what is 11000111 - 110010?
10010101
In base 6, what is -34 + 15?
-15
In base 8, what is 16 - 25?
-7
In base 11, what is 48 + -3?
45
In base 2, what is -100 - -1011011?
1010111
In base 7, what is 10 + 3?
13
In base 16, what is -4 - 2?
-6
In base 11, what is -1827 - -5?
-1822
In base 15, what is -23 - -4?
-1e
In base 3, what is -2210212 - -11?
-2210201
In base 9, what is 807 + 2?
810
In base 11, what is -5 + 322?
318
In base 3, what is -1 - -1220122?
1220121
In base 10, what is 8 - -1?
9
In base 7, what is 3 + -6331?
-6325
In base 10, what is 5 + -141?
-136
In base 4, what is 1203 - -10?
1213
In base 11, what is 199 + -24?
175
In base 12, what is -58 - 49?
-a5
In base 6, what is -10155 - -3?
-10152
In base 13, what is -1 + -148?
-149
In base 5, what is 4343 - 1?
4342
In base 4, what is -10021130 - 3?
-10021133
In base 9, what is -4808 - -1?
-4807
In base 6, what is 3 + -1442?
-1435
In base 8, what is -15 + 26?
11
In base 8, what is -2 - -357?
355
In base 11, what is -4 + -104?
-108
In base 16, what is 44e + -5?
449
In base 15, what is 40 + -2?
3d
In base 12, what is -1622 - 1?
-1623
In base 12, what is 77 - -5?
80
In base 11, what is -3 + 2408?
2405
In base 9, what is -14 - -2?
-12
In base 16, what is -4a8 + 2?
-4a6
In base 11, what is -2 + 116?
114
In base 16, what is -f + 9b?
8c
In base 5, what is -2 - 41?
-43
In base 3, what is 202121 - -22?
202220
In base 12, what is 4 + 9?
11
In base 13, what is 2553 + -4?
254c
In base 8, what is -12 + -1130?
-1142
In base 3, what is -12211 + -1021?
-21002
In base 4, what is 21032 + 31?
21123
In base 4, what is -3 + -222020?
-222023
In base 10, what is 1 + 292?
293
In base 9, what is 60 + -3?
56
In base 7, what is 64 + -13?
51
In base 5, what is 3 - -3444?
4002
In base 4, what is -21330 - 2?
-21332
In base 4, what is -201 + 12?
-123
In base 2, what is -1011101 + 10?
-1011011
In base 14, what is -14 + 1b?
7
In base 13, what is 8 + 21?
29
In base 13, what is -cc - 4?
-103
In base 12, what is 645a + -3?
6457
In base 13, what is -cc - 2?
-101
In base 12, what is 1 - -a27?
a28
In base 10, what is 1 - 455?
-454
In base 14, what is 41b3 + 4?
41b7
In base 2, what is -11 - -111001001?
111000110
In base 5, what is 44 - 212?
-113
In base 8, what is 24 + 66?
112
In base 4, what is 10 - 2230?
-2220
In base 15, what is 5 + 2929?
292e
In base 16, what is 347 + -3?
344
In base 12, what is 1226 + 4?
122a
In base 13, what is 0 - 84?
-84
In base 15, what is -4 + -d?
-12
In base 16, what is -117 + 1?
-116
In base 6, what is -51 + -23?
-114
In base 3, what is 122100 + 121?
122221
In base 3, what is 100 + 2101?
2201
In base 6, what is -50 + 413?
323
In base 3, what is -2002 - -100?
-1202
In base 11, what is -49 + 1?
-48
In base 9, what is -440 - 5?
-445
In base 10, what is 649 - 73?
576
In base 13, what is -167 + 2?
-165
In base 7, what is -2 + 1265?
1263
In base 15, what is 109 + -4?
105
In base 6, what is -1 + -221?
-222
In base 11, what is -5486 + 3?
-5483
In base 16, what is 888 - 3?
885
In base 13, what is -152 + 1?
-151
In base 13, what is -55a - 4?
-561
In base 15, what is 14b - a?
141
In base 15, what is 4 + -19c0?
-19bb
In base 15, what is -1 - -6e7?
6e6
In base 6, what is -22 + 24?
2
In base 15, what is -1 + -9b?
-9c
In base 3, what is -200 - -1112?
212
In base 4, what is 102 + -101?
1
In base 12, what is 1 - 1a9?
-1a8
In base 9, what is 3 - -3134?
3137
In base 16, what is 0 - 37?
-37
In base 3, what is 1111 + 111?
1222
In base 9, what is 1 + 85?
86
In base 11, what is -3a6 - 8?
-403
In base 8, what is 465 + 2?
467
In base 3, what is 20112 + 10?
20122
In base 3, what is 1220 - 1011?
202
In base 8, what is 22540 + 3?
22543
In base 5, what is -4120 - -10?
-4110
In base 13, what is 1 - 260?
-25c
In base 13, what is 8 - -9b?
a6
In base 8, what is -4 + -357?
-363
In base 14, what is -b - -4a?
3d
In base 12, what is -4 - 111?
-115
In base 13, what is 17 - -484?
49b
In base 12, what is -20 - 88?
-a8
In base 13, what is 97 - -5?
9c
In base 10, what is -8 + -8?
-16
In base 2, what is 100000110 - 1?
100000101
In base 12, what is -23 - -31?
a
In base 14, what is 0 + -2c6?
-2c6
In base 6, what is -33 + 1?
-32
In base 11, what is 86 - 8?
79
In base 7, what is -133 + -3?
-136
In base 10, what is -6703 - 3?
-6706
In base 11, what is 5 + 23?
28
In base 13, what is 90 + 0?
90
In base 4, what is -1 - -330?
323
In base 9, what is -2 + -107?
-110
In base 14, what is -134 - -3?
-131
In base 6, what is 2151 + 1?
2152
In base 15, what is 4 + b2?
b6
In base 13, what is -1 + -828?
-829
In base 3, what is 100000100 - 21?
100000002
In base 11, what is 4 - -493?
497
In base 7, what is 2 + -3?
-1
In base 8, what is 10 + -72?
-62
In base 10, what is 20 - -3?
23
In base 8, what is 62 - 16?
44
In base 7, what is 156 + -13?
143
In base 16, what is 14 + 89?
9d
In base 7, what is 131 + 115?
246
In base 6, what is 110 + 44?
154
In base 7, what is -54402 + 3?
-54366
In base 15, what is 0 - 24e?
-24e
In base 15, what is -a9 - -8?
-a1
In base 15, what is b9 + -5?
b4
In base 4, what is -3 - 10?
-13
In base 8, what is 3 - -3621?
3624
In base 4, what is 0 + 2332?
2332
In base 14, what is 2d2 - -4?
2d6
In base 7, what is -154 + -10?
-164
In base 9, what is -12 - -11?
-1
In base 3, what is 10111 + 20200?
101011
In base 2, what is 11111000110110 + -11?
11111000110011
In base 12, what is -146a - 0?
-146a
In base 14, what is 1 + 815?
816
In base 10, what is -3 + -2529?
-2532
In base 14, what is 7a + -4?
76
In base 4, what is -21 + -2?
-23
In base 16, what is 19 + -1?
18
In base 5, what is 3 - -213?
221
In base 16, what is 2 - a00?
-9fe
In base 10, what is 10 - -20?
30
In base 16, what is -44 + -2?
-46
In base 7, what is 5 + 6620?
6625
In base 16, what is -5 + 364?
35f
In base 3, what is 1 - 220211?
-220210
In base 14, what is 17 - 5?
12
In base 6, what is 2 - 1130?
-1124
In base 12, what is -6 - -19?
13
In base 7, what is 666 + 4?
1003
In base 12, what is -13b68 + -4?
-13b70
In base 2, what is -1001100000 - 0?
-1001100000
In base 2, what is 11100100011 + -100?
11100011111
In base 14, what is -8b + 4?
-87
In base 4, what is -10001 + 2?
-3333
In base 3, what is 1210 + -21?
1112
In base 3, what is -11 - -11021010?
11020222
In base 3, what is -102 + -1210?
-2012
In base 8, what is 334 - -2?
336
In base 3, what is 1102201 + 2?
1102210
In base 10, what is 2 - 65?
-63
In base 9, what is 14 - 14?
0
In base 8, what is -3 + 55?
52
In base 11, what is -171 - a?
-180
In base 2, what is -111 - 111010010?
-111011001
In base 11, what is -716 - 13?
-729
In base 10, what is -1 - -52?
51
In base 9, what is -138 - -4?
-134
In base 10, what is -87 + 1?
-86
In base 8, what is 3 + -37?
-34
In base 4, what is -11 - 333220?
-333231
In base 14, what is 1 + -802?
-801
In base 4, what is -21 - -3?
-12
In base 14, what is -193 + 3?
-190
In base 10, what is 5 + -229?
-224
In base 16, what is 0 - -65?
65
In base 12, what is 2 + 9b?
a1
In base 12, what is 1487 + 4?
148b
In base 6, what is 3035 - -3?
3042
In base 14, what is c + 13?
21
In base 11, what is 1 - 68?
-67
In base 8, what is -2572 + -4?
-2576
In base 8, what is -21517 + -4?
-21523
In base 13, what is -3a5 - -4?
-3a1
In base 4, what is 221 + 120?
1001
In base 5, what is -11 - 124?
-140
In base 10, what is -2 - -17?
15
In base 4, what is -1 + 3210?
3203
In base 2, what is -10110000 - 100011?
-11010011
In base 5, what is -2 - 34040?
-34042
In base 4, what is -311 - -1?
-310
In base 10, what is -2 + 1924?
1922
In base 4, what is -11 + 2210?
2133
In base 8, what is 342 + -2?
340
In base 4, what is -13 + -1030?
-1103
In base 8, what is 41 - 5?
34
In base 12, what is 4 - 1a0?
-198
In base 3, what is -20 + -2020?
-2110
In base 12, what is -32 + -4?
-36
In ba